e the highest common factor of 268773300 and 14445.
4815
Calculate the greatest common divisor of 3216 and 397776.
48
What is the greatest common factor of 1434 and 44208786?
1434
Calculate the highest common divisor of 4035 and 28933640.
1345
Calculate the greatest common divisor of 4362 and 1022162.
1454
What is the highest common factor of 17 and 1663450901?
17
Calculate the highest common factor of 3148167 and 286.
11
Calculate the greatest common factor of 20577228 and 7296.
228
What is the highest common factor of 70185 and 8445?
15
Calculate the greatest common divisor of 6 and 684267.
3
Calculate the greatest common factor of 6444 and 11488041.
1611
Calculate the highest common factor of 15197 and 2145871.
91
Calculate the highest common factor of 720 and 37048800.
240
What is the highest common divisor of 567 and 15698853?
81
What is the highest common factor of 382034700 and 6200?
3100
Calculate the greatest common divisor of 612769380 and 57.
57
What is the greatest common factor of 1316 and 44800917?
329
Calculate the greatest common factor of 26480 and 1530875.
1655
What is the greatest common factor of 35287 and 3609853?
71
Calculate the highest common factor of 243002038 and 46.
46
What is the highest common factor of 4927 and 15680746?
379
Calculate the greatest common factor of 41709066 and 1596.
798
What is the greatest common factor of 907525 and 98425?
775
What is the greatest common factor of 101152 and 1648?
16
What is the greatest common divisor of 6099 and 575871?
57
What is the highest common divisor of 3745103 and 780034?
4699
Calculate the highest common factor of 4 and 225507.
1
Calculate the greatest common factor of 720100 and 44.
4
Calculate the greatest common factor of 747984 and 13008.
48
What is the greatest common factor of 111943 and 43273?
109
Calculate the greatest common divisor of 26 and 48306466.
26
Calculate the highest common divisor of 1921357 and 17.
17
What is the highest common factor of 1272 and 196476?
12
Calculate the highest common divisor of 96 and 35892224.
32
What is the greatest common divisor of 286357709 and 17644?
4411
Calculate the highest common divisor of 435006 and 1113398.
286
Calculate the highest common factor of 246809620 and 380.
380
What is the highest common factor of 1570659 and 3?
3
What is the greatest common factor of 2538 and 28491588?
2538
What is the highest common divisor of 2170189 and 4?
1
What is the highest common factor of 4736187 and 95?
19
Calculate the highest common factor of 2853589 and 8023.
113
Calculate the greatest common divisor of 3021309 and 4329.
333
Calculate the greatest common factor of 19244 and 47234398.
9622
What is the greatest common divisor of 27 and 241230078?
9
Calculate the highest common divisor of 75970 and 14342.
142
Calculate the highest common divisor of 471 and 25058613.
471
Calculate the greatest common divisor of 19442400 and 16800.
2400
Calculate the highest common divisor of 19901294 and 7.
7
What is the highest common divisor of 273 and 33847632?
273
Calculate the highest common divisor of 576 and 240192.
576
What is the greatest common factor of 351191 and 2648?
331
What is the greatest common divisor of 4312 and 6801641?
539
Calculate the greatest common factor of 2059 and 459089053.
2059
What is the highest common divisor of 16141881 and 7?
7
Calculate the highest common factor of 867373 and 26.
13
What is the greatest common divisor of 36 and 28982576?
4
Calculate the greatest common factor of 1312562 and 7138.
166
What is the greatest common factor of 7 and 97992258?
7
Calculate the highest common factor of 15960 and 32970.
210
What is the highest common factor of 18897241 and 3509?
319
Calculate the greatest common divisor of 306 and 2582856.
18
Calculate the greatest common divisor of 2736596 and 508.
508
What is the greatest common divisor of 25702 and 5705482?
362
Calculate the greatest common factor of 414 and 25740243.
207
What is the highest common factor of 1078478 and 36259?
101
Calculate the highest common divisor of 69 and 1391673.
3
Calculate the greatest common factor of 332514 and 7623.
63
Calculate the highest common divisor of 419091387 and 78.
39
What is the highest common factor of 205516 and 50572?
1076
Calculate the highest common divisor of 17665307 and 1045.
209
What is the highest common divisor of 83 and 1569728619?
83
Calculate the greatest common divisor of 408 and 65248788.
204
Calculate the highest common divisor of 116652078 and 41338.
3758
Calculate the greatest common divisor of 104710 and 21053.
37
Calculate the greatest common factor of 46462780 and 50.
10
Calculate the highest common divisor of 3354 and 7513992.
258
Calculate the greatest common divisor of 148001474 and 3086.
3086
What is the highest common divisor of 8000 and 93044800?
1600
What is the greatest common factor of 704288 and 38939?
1693
Calculate the greatest common factor of 5115831 and 42.
21
Calculate the greatest common divisor of 20580 and 553119.
21
Calculate the highest common divisor of 6402019 and 1547.
13
What is the highest common factor of 1916 and 9194?
2
What is the greatest common divisor of 95 and 27420458?
19
What is the highest common divisor of 11 and 2013435589?
11
What is the greatest common factor of 1788 and 5730838?
298
Calculate the highest common divisor of 300 and 1579796.
4
Calculate the greatest common factor of 16058245 and 280.
35
What is the greatest common divisor of 31654916 and 3894?
118
What is the greatest common factor of 22662 and 26136?
18
What is the greatest common factor of 12546 and 88542?
18
What is the greatest common factor of 1138591744 and 1024?
1024
What is the greatest common divisor of 1285 and 11445238?
257
Calculate the highest common divisor of 440400 and 254760.
120
What is the highest common divisor of 38898 and 257454?
18
Calculate the highest common factor of 1560920 and 5720.
40
What is the highest common divisor of 12170588 and 828?
92
What is the highest common divisor of 59558 and 30749?
97
What is the highest common divisor of 4857 and 43486340?
1619
What is the greatest common divisor of 29708 and 4452?
28
Calculate the highest common factor of 59470766 and 74.
74
Calculate the greatest common factor of 67284 and 1596.
84
Calculate the highest common divisor of 11618424 and 707750.
5662
What is the highest common factor of 3575 and 2021475?
25
What is the greatest common divisor of 52372 and 66?
2
What is the greatest common divisor of 103188267 and 574?
287
Calculate the greatest common divisor of 13750422 and 314706.
2478
What is the highest common divisor of 208 and 32186160?
16
What is the greatest common factor of 741 and 96206994?
741
Calculate the highest common factor of 57341988 and 4895.
979
Calculate the highest common divisor of 1111263353 and 1487.
1487
What is the greatest common divisor of 135646223 and 6114?
1019
Calculate the highest common divisor of 1896746 and 5090712.
3506
Calculate the greatest common divisor of 163214 and 11852642.
2066
What is the greatest common factor of 66 and 294769563?
33
What is the highest common divisor of 26825 and 470525?
725
What is the greatest common divisor of 4171249 and 2101?
191
What is the highest common divisor of 66893 and 2550239?
151
What is the greatest common divisor of 3160 and 25108649?
79
What is the highest common factor of 356 and 97550052?
356
Calculate the greatest common factor of 103095 and 1631192.
2291
What is the greatest common divisor of 83330284 and 39080?
3908
What is the highest common factor of 23410862 and 74?
74
Calculate the greatest common divisor of 6024768 and 5952.
192
What is the highest common divisor of 105 and 16684770?
15
What is the greatest common divisor of 16826003 and 928?
29
What is the highest common factor of 44812 and 16770232?
2636
What is the greatest common divisor of 16231744 and 16192?
1472
What is the highest common factor of 14232570 and 43?
43
What is the greatest common factor of 495823 and 22712?
167
What is the highest common factor of 7192933 and 22?
11
What is the highest common divisor of 179301 and 21417?
177
Calculate the highest common factor of 1188 and 53277642.
594
What is the greatest common factor of 3316509 and 8784?
549
Calculate